{"id":5582,"date":"2020-09-08T14:05:42","date_gmt":"2020-09-08T12:05:42","guid":{"rendered":"https:\/\/www.mbetoulon.fr\/?page_id=5582"},"modified":"2020-09-08T17:48:13","modified_gmt":"2020-09-08T15:48:13","slug":"brochure","status":"publish","type":"page","link":"https:\/\/www.mbetoulon.fr\/index.php\/brochure\/","title":{"rendered":"Brochure"},"content":{"rendered":"\t\t<div data-elementor-type=\"wp-page\" data-elementor-id=\"5582\" class=\"elementor elementor-5582\" data-elementor-settings=\"[]\">\n\t\t\t\t\t\t<div class=\"elementor-inner\">\n\t\t\t\t\t\t\t<div class=\"elementor-section-wrap\">\n\t\t\t\t\t        <section class=\"elementor-section elementor-top-section elementor-element elementor-element-bc07744 elementor-section-boxed elementor-section-height-default elementor-section-height-default\" data-id=\"bc07744\" data-element_type=\"section\">\n            \n                        <div class=\"elementor-container elementor-column-gap-default \">\n                            <div class=\"elementor-row\">\n                    <div class=\"elementor-column elementor-col-100 elementor-top-column elementor-element elementor-element-506284b\" data-id=\"506284b\" data-element_type=\"column\">\n            <div class=\"elementor-column-wrap elementor-element-populated\">\n                            <div class=\"elementor-widget-wrap\">\n                \t\t<div class=\"elementor-element elementor-element-6551271 elementor-widget elementor-widget-cms_heading\" data-id=\"6551271\" data-element_type=\"widget\" data-widget_type=\"cms_heading.default\">\n\t\t\t\t<div class=\"elementor-widget-container\">\n\t\t\t<div class=\"cms-heading-wrapper cms-heading-layout1\">\r\n            <div class=\"custom-subheading\">D\u00e9couvrez nos services d\u00e9di\u00e9s aux professionnel<\/div>\r\n    \r\n            <h2 class=\"custom-heading\">\r\n            <span >Recevez la brochure MBE TOULON 2020<\/span>\r\n        <\/h2>\r\n        \r\n    <\/div>\t\t<\/div>\n\t\t\t\t<\/div>\n\t\t                <\/div>\n                    <\/div>\n        <\/div>\n                                <\/div>\n                    <\/div>\n        <\/section>\n                <section class=\"elementor-section elementor-top-section elementor-element elementor-element-1790d04 elementor-section-boxed elementor-section-height-default elementor-section-height-default\" data-id=\"1790d04\" data-element_type=\"section\">\n            \n                        <div class=\"elementor-container elementor-column-gap-default \">\n                            <div class=\"elementor-row\">\n                    <div class=\"elementor-column elementor-col-50 elementor-top-column elementor-element elementor-element-7801901\" data-id=\"7801901\" data-element_type=\"column\" data-settings=\"{&quot;background_background&quot;:&quot;classic&quot;}\">\n            <div class=\"elementor-column-wrap elementor-element-populated\">\n                            <div class=\"elementor-widget-wrap\">\n                \t\t<div class=\"elementor-element elementor-element-825957d elementor-widget elementor-widget-image\" data-id=\"825957d\" data-element_type=\"widget\" data-widget_type=\"image.default\">\n\t\t\t\t<div class=\"elementor-widget-container\">\n\t\t\t\t\t<div class=\"elementor-image\">\n\t\t\t\t\t\t\t\t\t\t<img decoding=\"async\" src=\"https:\/\/www.mbetoulon.fr\/wp-content\/uploads\/2020\/09\/brochure.png\" title=\"\" alt=\"\" \/>\t\t\t\t\t\t\t\t\t\t\t<\/div>\n\t\t\t\t<\/div>\n\t\t\t\t<\/div>\n\t\t\t\t<div class=\"elementor-element elementor-element-6a64a5f elementor-widget elementor-widget-image\" data-id=\"6a64a5f\" data-element_type=\"widget\" data-widget_type=\"image.default\">\n\t\t\t\t<div class=\"elementor-widget-container\">\n\t\t\t\t\t<div class=\"elementor-image\">\n\t\t\t\t\t\t\t\t\t\t<img loading=\"lazy\" decoding=\"async\" width=\"350\" height=\"493\" src=\"https:\/\/www.mbetoulon.fr\/wp-content\/uploads\/2020\/09\/brochure-1.png\" class=\"attachment-large size-large\" alt=\"\" srcset=\"https:\/\/www.mbetoulon.fr\/wp-content\/uploads\/2020\/09\/brochure-1.png 350w, https:\/\/www.mbetoulon.fr\/wp-content\/uploads\/2020\/09\/brochure-1-213x300.png 213w\" sizes=\"(max-width: 350px) 100vw, 350px\" \/>\t\t\t\t\t\t\t\t\t\t\t<\/div>\n\t\t\t\t<\/div>\n\t\t\t\t<\/div>\n\t\t                <\/div>\n                    <\/div>\n        <\/div>\n                <div class=\"elementor-column elementor-col-50 elementor-top-column elementor-element elementor-element-c41d135\" data-id=\"c41d135\" data-element_type=\"column\">\n            <div class=\"elementor-column-wrap elementor-element-populated\">\n                            <div class=\"elementor-widget-wrap\">\n                \t\t<div class=\"elementor-element elementor-element-8e62ecd elementor-widget elementor-widget-text-editor\" data-id=\"8e62ecd\" data-element_type=\"widget\" data-widget_type=\"text-editor.default\">\n\t\t\t\t<div class=\"elementor-widget-container\">\n\t\t\t\t\t<div class=\"elementor-text-editor elementor-clearfix\"><p>D\u00e9couvrez en d\u00e9tail notre entreprise, nos services et nos solutions professionnelles.\u00a0<\/p><p>Notre brochure est 100% gratuite et vous permettra de d\u00e9couvrir en d\u00e9tail comment faire des \u00e9conomies et optimiser votre logistique.\u00a0<\/p><p>Vous \u00eates une PME, un ind\u00e9pendant ou un e-commer\u00e7ant ? Des solutions s&rsquo;ouvrent \u00e0 vous.\u00a0<\/p><p>Nos services sont sans engagement. Utilisez les quand vous en avez besoin.<\/p><\/div>\n\t\t\t\t<\/div>\n\t\t\t\t<\/div>\n\t\t\t\t<div class=\"elementor-element elementor-element-10f9530 elementor-widget elementor-widget-cms_ctf7\" data-id=\"10f9530\" data-element_type=\"widget\" data-widget_type=\"cms_ctf7.default\">\n\t\t\t\t<div class=\"elementor-widget-container\">\n\t\t\t    <div id=\"cms_ctf7-10f9530\" class=\"cms-contact-form style1\">\r\n        <div class=\"cms-contact-form-inner\">\r\n        \t            <div role=\"form\" class=\"wpcf7\" id=\"wpcf7-f5630-o1\" lang=\"fr-FR\" dir=\"ltr\">\n<div class=\"screen-reader-response\"><p role=\"status\" aria-live=\"polite\" aria-atomic=\"true\"><\/p> <ul><\/ul><\/div>\n<form action=\"\/index.php\/wp-json\/wp\/v2\/pages\/5582#wpcf7-f5630-o1\" method=\"post\" class=\"wpcf7-form init\" novalidate=\"novalidate\" data-status=\"init\">\n<div style=\"display: none;\">\n<input type=\"hidden\" name=\"_wpcf7\" value=\"5630\" \/>\n<input type=\"hidden\" name=\"_wpcf7_version\" value=\"5.5.1\" \/>\n<input type=\"hidden\" name=\"_wpcf7_locale\" value=\"fr_FR\" \/>\n<input type=\"hidden\" name=\"_wpcf7_unit_tag\" value=\"wpcf7-f5630-o1\" \/>\n<input type=\"hidden\" name=\"_wpcf7_container_post\" value=\"0\" \/>\n<input type=\"hidden\" name=\"_wpcf7_posted_data_hash\" value=\"\" \/>\n<\/div>\n<label> Votre nom *\n    <span class=\"wpcf7-form-control-wrap your-name\"><input type=\"text\" name=\"your-name\" value=\"\" size=\"40\" class=\"wpcf7-form-control wpcf7-text wpcf7-validates-as-required\" aria-required=\"true\" aria-invalid=\"false\" \/><\/span> <\/label>\n\n<label> Votre e-mail *\n    <span class=\"wpcf7-form-control-wrap your-email\"><input type=\"email\" name=\"your-email\" value=\"\" size=\"40\" class=\"wpcf7-form-control wpcf7-text wpcf7-email wpcf7-validates-as-required wpcf7-validates-as-email\" aria-required=\"true\" aria-invalid=\"false\" \/><\/span> <\/label>\n<br \/>\n<input type=\"submit\" value=\"Recevoir la brochure\" class=\"wpcf7-form-control has-spinner wpcf7-submit\" \/><p style=\"display: none !important;\"><label>&#916;<textarea name=\"_wpcf7_ak_hp_textarea\" cols=\"45\" rows=\"8\" maxlength=\"100\"><\/textarea><\/label><input type=\"hidden\" id=\"ak_js_1\" name=\"_wpcf7_ak_js\" value=\"120\"\/><script>document.getElementById( \"ak_js_1\" ).setAttribute( \"value\", ( new Date() ).getTime() );<\/script><\/p><input type='hidden' class='wpcf7-pum' value='{\"closepopup\":false,\"closedelay\":0,\"openpopup\":false,\"openpopup_id\":0}' \/><div class=\"wpcf7-response-output\" aria-hidden=\"true\"><\/div><\/form><\/div>        <\/div>\r\n    <\/div>\r\n\t\t<\/div>\n\t\t\t\t<\/div>\n\t\t                <\/div>\n                    <\/div>\n        <\/div>\n                                <\/div>\n                    <\/div>\n        <\/section>\n        \t\t\t\t<\/div>\n\t\t\t\t\t\t<\/div>\n\t\t\t\t\t<\/div>\n\t\t","protected":false},"excerpt":{"rendered":"<p>D\u00e9couvrez nos services d\u00e9di\u00e9s aux professionnel Recevez la brochure MBE TOULON 2020 D\u00e9couvrez en d\u00e9tail notre entreprise, nos services et nos solutions professionnelles.\u00a0 Notre brochure est 100% gratuite et vous permettra de d\u00e9couvrir en d\u00e9tail comment faire des \u00e9conomies et optimiser votre logistique.\u00a0 Vous \u00eates une PME, un ind\u00e9pendant ou un e-commer\u00e7ant ? Des solutions [&hellip;]<\/p>\n","protected":false},"author":1,"featured_media":0,"parent":0,"menu_order":0,"comment_status":"closed","ping_status":"closed","template":"","meta":{"footnotes":""},"class_list":["post-5582","page","type-page","status-publish","hentry"],"yoast_head":"<!-- This site is optimized with the Yoast SEO plugin v17.3 - https:\/\/yoast.com\/wordpress\/plugins\/seo\/ -->\n<title>Brochure - Mail Boxes Etc. TOULON<\/title>\n<meta name=\"robots\" content=\"index, follow, max-snippet:-1, max-image-preview:large, max-video-preview:-1\" \/>\n<link rel=\"canonical\" href=\"https:\/\/www.mbetoulon.fr\/index.php\/brochure\/\" \/>\n<meta property=\"og:locale\" content=\"fr_FR\" \/>\n<meta property=\"og:type\" content=\"article\" \/>\n<meta property=\"og:title\" content=\"Brochure - Mail Boxes Etc. TOULON\" \/>\n<meta property=\"og:description\" content=\"D\u00e9couvrez nos services d\u00e9di\u00e9s aux professionnel Recevez la brochure MBE TOULON 2020 D\u00e9couvrez en d\u00e9tail notre entreprise, nos services et nos solutions professionnelles.\u00a0 Notre brochure est 100% gratuite et vous permettra de d\u00e9couvrir en d\u00e9tail comment faire des \u00e9conomies et optimiser votre logistique.\u00a0 Vous \u00eates une PME, un ind\u00e9pendant ou un e-commer\u00e7ant ? Des solutions [&hellip;]\" \/>\n<meta property=\"og:url\" content=\"https:\/\/www.mbetoulon.fr\/index.php\/brochure\/\" \/>\n<meta property=\"og:site_name\" content=\"Mail Boxes Etc. TOULON\" \/>\n<meta property=\"article:modified_time\" content=\"2020-09-08T15:48:13+00:00\" \/>\n<meta property=\"og:image\" content=\"https:\/\/www.mbetoulon.fr\/wp-content\/uploads\/2020\/09\/brochure.png\" \/>\n<meta name=\"twitter:card\" content=\"summary_large_image\" \/>\n<script type=\"application\/ld+json\" class=\"yoast-schema-graph\">{\"@context\":\"https:\/\/schema.org\",\"@graph\":[{\"@type\":\"WebSite\",\"@id\":\"https:\/\/www.mbetoulon.fr\/#website\",\"url\":\"https:\/\/www.mbetoulon.fr\/\",\"name\":\"Mail Boxes Etc. TOULON\",\"description\":\"exp\\u00e9dition de colis et palette en France et \\u00e0 l&#039;international\",\"potentialAction\":[{\"@type\":\"SearchAction\",\"target\":{\"@type\":\"EntryPoint\",\"urlTemplate\":\"https:\/\/www.mbetoulon.fr\/?s={search_term_string}\"},\"query-input\":\"required name=search_term_string\"}],\"inLanguage\":\"fr-FR\"},{\"@type\":\"ImageObject\",\"@id\":\"https:\/\/www.mbetoulon.fr\/index.php\/brochure\/#primaryimage\",\"inLanguage\":\"fr-FR\",\"url\":\"https:\/\/www.mbetoulon.fr\/wp-content\/uploads\/2020\/09\/brochure.png\",\"contentUrl\":\"https:\/\/www.mbetoulon.fr\/wp-content\/uploads\/2020\/09\/brochure.png\"},{\"@type\":\"WebPage\",\"@id\":\"https:\/\/www.mbetoulon.fr\/index.php\/brochure\/#webpage\",\"url\":\"https:\/\/www.mbetoulon.fr\/index.php\/brochure\/\",\"name\":\"Brochure - Mail Boxes Etc. TOULON\",\"isPartOf\":{\"@id\":\"https:\/\/www.mbetoulon.fr\/#website\"},\"primaryImageOfPage\":{\"@id\":\"https:\/\/www.mbetoulon.fr\/index.php\/brochure\/#primaryimage\"},\"datePublished\":\"2020-09-08T12:05:42+00:00\",\"dateModified\":\"2020-09-08T15:48:13+00:00\",\"breadcrumb\":{\"@id\":\"https:\/\/www.mbetoulon.fr\/index.php\/brochure\/#breadcrumb\"},\"inLanguage\":\"fr-FR\",\"potentialAction\":[{\"@type\":\"ReadAction\",\"target\":[\"https:\/\/www.mbetoulon.fr\/index.php\/brochure\/\"]}]},{\"@type\":\"BreadcrumbList\",\"@id\":\"https:\/\/www.mbetoulon.fr\/index.php\/brochure\/#breadcrumb\",\"itemListElement\":[{\"@type\":\"ListItem\",\"position\":1,\"name\":\"Accueil\",\"item\":\"https:\/\/www.mbetoulon.fr\/\"},{\"@type\":\"ListItem\",\"position\":2,\"name\":\"Brochure\"}]}]}<\/script>\n<!-- \/ Yoast SEO plugin. -->","yoast_head_json":{"title":"Brochure - Mail Boxes Etc. TOULON","robots":{"index":"index","follow":"follow","max-snippet":"max-snippet:-1","max-image-preview":"max-image-preview:large","max-video-preview":"max-video-preview:-1"},"canonical":"https:\/\/www.mbetoulon.fr\/index.php\/brochure\/","og_locale":"fr_FR","og_type":"article","og_title":"Brochure - Mail Boxes Etc. TOULON","og_description":"D\u00e9couvrez nos services d\u00e9di\u00e9s aux professionnel Recevez la brochure MBE TOULON 2020 D\u00e9couvrez en d\u00e9tail notre entreprise, nos services et nos solutions professionnelles.\u00a0 Notre brochure est 100% gratuite et vous permettra de d\u00e9couvrir en d\u00e9tail comment faire des \u00e9conomies et optimiser votre logistique.\u00a0 Vous \u00eates une PME, un ind\u00e9pendant ou un e-commer\u00e7ant ? Des solutions [&hellip;]","og_url":"https:\/\/www.mbetoulon.fr\/index.php\/brochure\/","og_site_name":"Mail Boxes Etc. TOULON","article_modified_time":"2020-09-08T15:48:13+00:00","og_image":[{"url":"https:\/\/www.mbetoulon.fr\/wp-content\/uploads\/2020\/09\/brochure.png"}],"twitter_card":"summary_large_image","schema":{"@context":"https:\/\/schema.org","@graph":[{"@type":"WebSite","@id":"https:\/\/www.mbetoulon.fr\/#website","url":"https:\/\/www.mbetoulon.fr\/","name":"Mail Boxes Etc. TOULON","description":"exp\u00e9dition de colis et palette en France et \u00e0 l&#039;international","potentialAction":[{"@type":"SearchAction","target":{"@type":"EntryPoint","urlTemplate":"https:\/\/www.mbetoulon.fr\/?s={search_term_string}"},"query-input":"required name=search_term_string"}],"inLanguage":"fr-FR"},{"@type":"ImageObject","@id":"https:\/\/www.mbetoulon.fr\/index.php\/brochure\/#primaryimage","inLanguage":"fr-FR","url":"https:\/\/www.mbetoulon.fr\/wp-content\/uploads\/2020\/09\/brochure.png","contentUrl":"https:\/\/www.mbetoulon.fr\/wp-content\/uploads\/2020\/09\/brochure.png"},{"@type":"WebPage","@id":"https:\/\/www.mbetoulon.fr\/index.php\/brochure\/#webpage","url":"https:\/\/www.mbetoulon.fr\/index.php\/brochure\/","name":"Brochure - Mail Boxes Etc. TOULON","isPartOf":{"@id":"https:\/\/www.mbetoulon.fr\/#website"},"primaryImageOfPage":{"@id":"https:\/\/www.mbetoulon.fr\/index.php\/brochure\/#primaryimage"},"datePublished":"2020-09-08T12:05:42+00:00","dateModified":"2020-09-08T15:48:13+00:00","breadcrumb":{"@id":"https:\/\/www.mbetoulon.fr\/index.php\/brochure\/#breadcrumb"},"inLanguage":"fr-FR","potentialAction":[{"@type":"ReadAction","target":["https:\/\/www.mbetoulon.fr\/index.php\/brochure\/"]}]},{"@type":"BreadcrumbList","@id":"https:\/\/www.mbetoulon.fr\/index.php\/brochure\/#breadcrumb","itemListElement":[{"@type":"ListItem","position":1,"name":"Accueil","item":"https:\/\/www.mbetoulon.fr\/"},{"@type":"ListItem","position":2,"name":"Brochure"}]}]}},"_links":{"self":[{"href":"https:\/\/www.mbetoulon.fr\/index.php\/wp-json\/wp\/v2\/pages\/5582"}],"collection":[{"href":"https:\/\/www.mbetoulon.fr\/index.php\/wp-json\/wp\/v2\/pages"}],"about":[{"href":"https:\/\/www.mbetoulon.fr\/index.php\/wp-json\/wp\/v2\/types\/page"}],"author":[{"embeddable":true,"href":"https:\/\/www.mbetoulon.fr\/index.php\/wp-json\/wp\/v2\/users\/1"}],"replies":[{"embeddable":true,"href":"https:\/\/www.mbetoulon.fr\/index.php\/wp-json\/wp\/v2\/comments?post=5582"}],"version-history":[{"count":6,"href":"https:\/\/www.mbetoulon.fr\/index.php\/wp-json\/wp\/v2\/pages\/5582\/revisions"}],"predecessor-version":[{"id":5669,"href":"https:\/\/www.mbetoulon.fr\/index.php\/wp-json\/wp\/v2\/pages\/5582\/revisions\/5669"}],"wp:attachment":[{"href":"https:\/\/www.mbetoulon.fr\/index.php\/wp-json\/wp\/v2\/media?parent=5582"}],"curies":[{"name":"wp","href":"https:\/\/api.w.org\/{rel}","templated":true}]}}