{"id":5399,"date":"2019-08-29T02:16:55","date_gmt":"2019-08-29T02:16:55","guid":{"rendered":"https:\/\/demo.cmssuperheroes.com\/themeforest\/koira\/?page_id=10"},"modified":"2024-04-27T09:17:40","modified_gmt":"2024-04-27T07:17:40","slug":"contacter-mail-boxes-etc-toulon","status":"publish","type":"page","link":"https:\/\/www.mbetoulon.fr\/index.php\/contacter-mail-boxes-etc-toulon\/","title":{"rendered":"Contactez mbe toulon"},"content":{"rendered":"\t\t<div data-elementor-type=\"wp-page\" data-elementor-id=\"5399\" class=\"elementor elementor-5399\" data-elementor-settings=\"[]\">\n\t\t\t\t\t\t<div class=\"elementor-inner\">\n\t\t\t\t\t\t\t<div class=\"elementor-section-wrap\">\n\t\t\t\t\t        <section class=\"elementor-section elementor-top-section elementor-element elementor-element-141a892 elementor-section-boxed elementor-section-height-default elementor-section-height-default\" data-id=\"141a892\" data-element_type=\"section\">\n            \n                        <div class=\"elementor-container elementor-column-gap-default \">\n                            <div class=\"elementor-row\">\n                    <div class=\"elementor-column elementor-col-100 elementor-top-column elementor-element elementor-element-3ebc5a1\" data-id=\"3ebc5a1\" data-element_type=\"column\">\n            <div class=\"elementor-column-wrap elementor-element-populated\">\n                            <div class=\"elementor-widget-wrap\">\n                \t\t<div class=\"elementor-element elementor-element-17f8bc7 elementor-widget elementor-widget-cms_ctf7\" data-id=\"17f8bc7\" data-element_type=\"widget\" data-widget_type=\"cms_ctf7.default\">\n\t\t\t\t<div class=\"elementor-widget-container\">\n\t\t\t    <div id=\"cms_ctf7-17f8bc7\" class=\"cms-contact-form style1\">\r\n        <div class=\"cms-contact-form-inner\">\r\n        \t            <div role=\"form\" class=\"wpcf7\" id=\"wpcf7-f2692-o1\" lang=\"en-US\" dir=\"ltr\">\n<div class=\"screen-reader-response\"><p role=\"status\" aria-live=\"polite\" aria-atomic=\"true\"><\/p> <ul><\/ul><\/div>\n<form action=\"\/index.php\/wp-json\/wp\/v2\/pages\/5399#wpcf7-f2692-o1\" method=\"post\" class=\"wpcf7-form init\" novalidate=\"novalidate\" data-status=\"init\">\n<div style=\"display: none;\">\n<input type=\"hidden\" name=\"_wpcf7\" value=\"2692\" \/>\n<input type=\"hidden\" name=\"_wpcf7_version\" value=\"5.5.1\" \/>\n<input type=\"hidden\" name=\"_wpcf7_locale\" value=\"en_US\" \/>\n<input type=\"hidden\" name=\"_wpcf7_unit_tag\" value=\"wpcf7-f2692-o1\" \/>\n<input type=\"hidden\" name=\"_wpcf7_container_post\" value=\"0\" \/>\n<input type=\"hidden\" name=\"_wpcf7_posted_data_hash\" value=\"\" \/>\n<\/div>\n<h1> Contacter MBE TOULON <\/h1>\n<p>Vous pouvez contacter notre \u00e9quipe pour toute question relative \u00e0 nos services. Nos e-mails sont trait\u00e9s 6\/7j ainsi que les jours f\u00e9ri\u00e9s. \n<\/p>\n<br \/>\n<div class=\"row\">\n    <div class=\"col-sm-12 col-md-12 col-lg-4\">\n        <div class=\"input-filled\"><span class=\"wpcf7-form-control-wrap your-name\"><input type=\"text\" name=\"your-name\" value=\"\" size=\"40\" class=\"wpcf7-form-control wpcf7-text wpcf7-validates-as-required\" aria-required=\"true\" aria-invalid=\"false\" placeholder=\"Nom\" \/><\/span><\/div>\n    <\/div>\n    <div class=\"col-sm-12 col-md-12 col-lg-4\">\n        <div class=\"input-filled\"><span class=\"wpcf7-form-control-wrap your-email\"><input type=\"email\" name=\"your-email\" value=\"\" size=\"40\" class=\"wpcf7-form-control wpcf7-text wpcf7-email wpcf7-validates-as-required wpcf7-validates-as-email\" aria-required=\"true\" aria-invalid=\"false\" placeholder=\"Email\" \/><\/span><\/div>\n    <\/div>\n    <div class=\"col-sm-12 col-md-12 col-lg-4\">\n        <div class=\"input-filled\"><span class=\"wpcf7-form-control-wrap tel-952\"><input type=\"tel\" name=\"tel-952\" value=\"T\u00e9l\u00e9phone\" size=\"40\" class=\"wpcf7-form-control wpcf7-text wpcf7-tel wpcf7-validates-as-tel\" aria-invalid=\"false\" \/><\/span><\/div>\n    <\/div>   \n<\/div>\n<div class=\"row\">\n    <div class=\"col-12\">\n        <div class=\"input-filled\"><span class=\"wpcf7-form-control-wrap your-message\"><textarea name=\"your-message\" cols=\"40\" rows=\"10\" class=\"wpcf7-form-control wpcf7-textarea wpcf7-validates-as-required\" aria-required=\"true\" aria-invalid=\"false\" placeholder=\"Votre message\"><\/textarea><\/span><\/div>\n    <\/div>\n<\/div>\n\n\n<div class=\"row\">\n    <div class=\"col-12\" style=\"margin-top:-9px;\">\n        <button type=\"submit\" class=\"wpcf7-submit btn\">Envoyer votre message<\/button>\n    <\/div>\n<\/div><p style=\"display: none !important;\"><label>&#916;<textarea name=\"_wpcf7_ak_hp_textarea\" cols=\"45\" rows=\"8\" maxlength=\"100\"><\/textarea><\/label><input type=\"hidden\" id=\"ak_js_1\" name=\"_wpcf7_ak_js\" value=\"74\"\/><script>document.getElementById( \"ak_js_1\" ).setAttribute( \"value\", ( new Date() ).getTime() );<\/script><\/p><input type='hidden' class='wpcf7-pum' value='{\"closepopup\":false,\"closedelay\":0,\"openpopup\":false,\"openpopup_id\":0}' \/><div class=\"wpcf7-response-output\" aria-hidden=\"true\"><\/div><\/form><\/div>        <\/div>\r\n    <\/div>\r\n\t\t<\/div>\n\t\t\t\t<\/div>\n\t\t                <\/div>\n                    <\/div>\n        <\/div>\n                                <\/div>\n                    <\/div>\n        <\/section>\n        \t\t\t\t<\/div>\n\t\t\t\t\t\t<\/div>\n\t\t\t\t\t<\/div>\n\t\t","protected":false},"excerpt":{"rendered":"<p>Envoyer votre message &#916;<\/p>\n","protected":false},"author":1,"featured_media":0,"parent":0,"menu_order":0,"comment_status":"closed","ping_status":"closed","template":"","meta":{"footnotes":""},"class_list":["post-5399","page","type-page","status-publish","hentry"],"yoast_head":"<!-- This site is optimized with the Yoast SEO plugin v17.3 - https:\/\/yoast.com\/wordpress\/plugins\/seo\/ -->\n<title>Contactez mbe toulon - Mail Boxes Etc. TOULON<\/title>\n<meta name=\"description\" content=\"Notre agence est ouverte du lundi au vendredi de 9h00 \u00e0 12h et de 13h30 \u00e0 17h30. Vous pouvez nous contacter par email 7\/7j on vous r\u00e9pond !\" \/>\n<meta name=\"robots\" content=\"index, follow, max-snippet:-1, max-image-preview:large, max-video-preview:-1\" \/>\n<link rel=\"canonical\" href=\"https:\/\/www.mbetoulon.fr\/index.php\/contacter-mail-boxes-etc-toulon\/\" \/>\n<meta property=\"og:locale\" content=\"fr_FR\" \/>\n<meta property=\"og:type\" content=\"article\" \/>\n<meta property=\"og:title\" content=\"Contactez mbe toulon - Mail Boxes Etc. TOULON\" \/>\n<meta property=\"og:description\" content=\"Notre agence est ouverte du lundi au vendredi de 9h00 \u00e0 12h et de 13h30 \u00e0 17h30. Vous pouvez nous contacter par email 7\/7j on vous r\u00e9pond !\" \/>\n<meta property=\"og:url\" content=\"https:\/\/www.mbetoulon.fr\/index.php\/contacter-mail-boxes-etc-toulon\/\" \/>\n<meta property=\"og:site_name\" content=\"Mail Boxes Etc. TOULON\" \/>\n<meta property=\"article:modified_time\" content=\"2024-04-27T07:17:40+00:00\" \/>\n<meta name=\"twitter:card\" content=\"summary_large_image\" \/>\n<meta name=\"twitter:label1\" content=\"Dur\u00e9e de lecture estim\u00e9e\" \/>\n\t<meta name=\"twitter:data1\" content=\"1 minute\" \/>\n<script type=\"application\/ld+json\" class=\"yoast-schema-graph\">{\"@context\":\"https:\/\/schema.org\",\"@graph\":[{\"@type\":\"WebSite\",\"@id\":\"https:\/\/www.mbetoulon.fr\/#website\",\"url\":\"https:\/\/www.mbetoulon.fr\/\",\"name\":\"Mail Boxes Etc. TOULON\",\"description\":\"exp\\u00e9dition de colis et palette en France et \\u00e0 l&#039;international\",\"potentialAction\":[{\"@type\":\"SearchAction\",\"target\":{\"@type\":\"EntryPoint\",\"urlTemplate\":\"https:\/\/www.mbetoulon.fr\/?s={search_term_string}\"},\"query-input\":\"required name=search_term_string\"}],\"inLanguage\":\"fr-FR\"},{\"@type\":\"WebPage\",\"@id\":\"https:\/\/www.mbetoulon.fr\/index.php\/contacter-mail-boxes-etc-toulon\/#webpage\",\"url\":\"https:\/\/www.mbetoulon.fr\/index.php\/contacter-mail-boxes-etc-toulon\/\",\"name\":\"Contactez mbe toulon - Mail Boxes Etc. TOULON\",\"isPartOf\":{\"@id\":\"https:\/\/www.mbetoulon.fr\/#website\"},\"datePublished\":\"2019-08-29T02:16:55+00:00\",\"dateModified\":\"2024-04-27T07:17:40+00:00\",\"description\":\"Notre agence est ouverte du lundi au vendredi de 9h00 \\u00e0 12h et de 13h30 \\u00e0 17h30. Vous pouvez nous contacter par email 7\/7j on vous r\\u00e9pond !\",\"breadcrumb\":{\"@id\":\"https:\/\/www.mbetoulon.fr\/index.php\/contacter-mail-boxes-etc-toulon\/#breadcrumb\"},\"inLanguage\":\"fr-FR\",\"potentialAction\":[{\"@type\":\"ReadAction\",\"target\":[\"https:\/\/www.mbetoulon.fr\/index.php\/contacter-mail-boxes-etc-toulon\/\"]}]},{\"@type\":\"BreadcrumbList\",\"@id\":\"https:\/\/www.mbetoulon.fr\/index.php\/contacter-mail-boxes-etc-toulon\/#breadcrumb\",\"itemListElement\":[{\"@type\":\"ListItem\",\"position\":1,\"name\":\"Accueil\",\"item\":\"https:\/\/www.mbetoulon.fr\/\"},{\"@type\":\"ListItem\",\"position\":2,\"name\":\"Contactez mbe toulon\"}]}]}<\/script>\n<!-- \/ Yoast SEO plugin. -->","yoast_head_json":{"title":"Contactez mbe toulon - Mail Boxes Etc. TOULON","description":"Notre agence est ouverte du lundi au vendredi de 9h00 \u00e0 12h et de 13h30 \u00e0 17h30. Vous pouvez nous contacter par email 7\/7j on vous r\u00e9pond !","robots":{"index":"index","follow":"follow","max-snippet":"max-snippet:-1","max-image-preview":"max-image-preview:large","max-video-preview":"max-video-preview:-1"},"canonical":"https:\/\/www.mbetoulon.fr\/index.php\/contacter-mail-boxes-etc-toulon\/","og_locale":"fr_FR","og_type":"article","og_title":"Contactez mbe toulon - Mail Boxes Etc. TOULON","og_description":"Notre agence est ouverte du lundi au vendredi de 9h00 \u00e0 12h et de 13h30 \u00e0 17h30. Vous pouvez nous contacter par email 7\/7j on vous r\u00e9pond !","og_url":"https:\/\/www.mbetoulon.fr\/index.php\/contacter-mail-boxes-etc-toulon\/","og_site_name":"Mail Boxes Etc. TOULON","article_modified_time":"2024-04-27T07:17:40+00:00","twitter_card":"summary_large_image","twitter_misc":{"Dur\u00e9e de lecture estim\u00e9e":"1 minute"},"schema":{"@context":"https:\/\/schema.org","@graph":[{"@type":"WebSite","@id":"https:\/\/www.mbetoulon.fr\/#website","url":"https:\/\/www.mbetoulon.fr\/","name":"Mail Boxes Etc. TOULON","description":"exp\u00e9dition de colis et palette en France et \u00e0 l&#039;international","potentialAction":[{"@type":"SearchAction","target":{"@type":"EntryPoint","urlTemplate":"https:\/\/www.mbetoulon.fr\/?s={search_term_string}"},"query-input":"required name=search_term_string"}],"inLanguage":"fr-FR"},{"@type":"WebPage","@id":"https:\/\/www.mbetoulon.fr\/index.php\/contacter-mail-boxes-etc-toulon\/#webpage","url":"https:\/\/www.mbetoulon.fr\/index.php\/contacter-mail-boxes-etc-toulon\/","name":"Contactez mbe toulon - Mail Boxes Etc. TOULON","isPartOf":{"@id":"https:\/\/www.mbetoulon.fr\/#website"},"datePublished":"2019-08-29T02:16:55+00:00","dateModified":"2024-04-27T07:17:40+00:00","description":"Notre agence est ouverte du lundi au vendredi de 9h00 \u00e0 12h et de 13h30 \u00e0 17h30. Vous pouvez nous contacter par email 7\/7j on vous r\u00e9pond !","breadcrumb":{"@id":"https:\/\/www.mbetoulon.fr\/index.php\/contacter-mail-boxes-etc-toulon\/#breadcrumb"},"inLanguage":"fr-FR","potentialAction":[{"@type":"ReadAction","target":["https:\/\/www.mbetoulon.fr\/index.php\/contacter-mail-boxes-etc-toulon\/"]}]},{"@type":"BreadcrumbList","@id":"https:\/\/www.mbetoulon.fr\/index.php\/contacter-mail-boxes-etc-toulon\/#breadcrumb","itemListElement":[{"@type":"ListItem","position":1,"name":"Accueil","item":"https:\/\/www.mbetoulon.fr\/"},{"@type":"ListItem","position":2,"name":"Contactez mbe toulon"}]}]}},"_links":{"self":[{"href":"https:\/\/www.mbetoulon.fr\/index.php\/wp-json\/wp\/v2\/pages\/5399"}],"collection":[{"href":"https:\/\/www.mbetoulon.fr\/index.php\/wp-json\/wp\/v2\/pages"}],"about":[{"href":"https:\/\/www.mbetoulon.fr\/index.php\/wp-json\/wp\/v2\/types\/page"}],"author":[{"embeddable":true,"href":"https:\/\/www.mbetoulon.fr\/index.php\/wp-json\/wp\/v2\/users\/1"}],"replies":[{"embeddable":true,"href":"https:\/\/www.mbetoulon.fr\/index.php\/wp-json\/wp\/v2\/comments?post=5399"}],"version-history":[{"count":12,"href":"https:\/\/www.mbetoulon.fr\/index.php\/wp-json\/wp\/v2\/pages\/5399\/revisions"}],"predecessor-version":[{"id":6035,"href":"https:\/\/www.mbetoulon.fr\/index.php\/wp-json\/wp\/v2\/pages\/5399\/revisions\/6035"}],"wp:attachment":[{"href":"https:\/\/www.mbetoulon.fr\/index.php\/wp-json\/wp\/v2\/media?parent=5399"}],"curies":[{"name":"wp","href":"https:\/\/api.w.org\/{rel}","templated":true}]}}